n base 16, what is 0 + -a70b?
-a70b
In base 15, what is -ce05 + -3?
-ce08
In base 2, what is -1110111001101011 - -111?
-1110111001100100
In base 9, what is -6710 - 0?
-6710
In base 5, what is -300103 + 102?
-300001
In base 6, what is 1255 - -1312?
3011
In base 8, what is 30277 - 22?
30255
In base 9, what is 1 + 26221?
26222
In base 3, what is 1011 - -1012120?
1020201
In base 4, what is 10002 - 300?
3102
In base 13, what is c5 + -2428?
-2333
In base 2, what is 1110001 - -10101011001?
10111001010
In base 14, what is -6 - -c969?
c963
In base 15, what is -8 + 28b?
283
In base 2, what is 11100000000110010 + -10?
11100000000110000
In base 6, what is 4 + 142415?
142423
In base 7, what is 405 + -132?
243
In base 6, what is -5 - 3404053?
-3404102
In base 16, what is -10bd + 8?
-10b5
In base 6, what is -1002 - -4102?
3100
In base 4, what is -211 - -330023?
323212
In base 14, what is -275822 - -4?
-27581c
In base 5, what is 2 - -2441420?
2441422
In base 13, what is -1c8 + -256?
-451
In base 15, what is -8b6cd + -3?
-8b6d1
In base 5, what is -334441 - -102?
-334334
In base 7, what is 0 + -55511?
-55511
In base 2, what is 100111001010010010 + 10?
100111001010010100
In base 16, what is -c18 + 9?
-c0f
In base 3, what is -21101 - 201000?
-222101
In base 5, what is -14142 + 112?
-14030
In base 6, what is 303 + 1503?
2210
In base 12, what is 4b433 + 43?
4b476
In base 4, what is -332200310 - -10?
-332200300
In base 14, what is cb1 - -bb?
d8c
In base 12, what is 19bb3 - 4?
19bab
In base 10, what is 139 - 438?
-299
In base 15, what is 12e7b - 2?
12e79
In base 11, what is -36 - 364?
-39a
In base 3, what is 2100201 + 10202?
2111110
In base 13, what is -a55952 - -1?
-a55951
In base 13, what is ba61 - -29?
ba8a
In base 13, what is 56c6 - 68?
565b
In base 16, what is 6e1d - 1?
6e1c
In base 12, what is b + 100739?
100748
In base 15, what is -3b - 3aa?
-3e6
In base 14, what is 28c - -160?
40c
In base 15, what is 57ec + 6b?
5868
In base 4, what is 1 - -323100321?
323100322
In base 10, what is -48 - -484?
436
In base 2, what is 100 + 10011111110111010?
10011111110111110
In base 3, what is 1 - 1110021111?
-1110021110
In base 15, what is 8d6 + -39?
89c
In base 3, what is -10020210 - 102010?
-10122220
In base 5, what is 1044020 + -12?
1044003
In base 11, what is 96a9a6 - -3?
96a9a9
In base 12, what is -915 + -3?
-918
In base 13, what is 1 - -20853?
20854
In base 13, what is -102c - -c03?
-129
In base 9, what is 31720 - 0?
31720
In base 12, what is -3 + -5454?
-5457
In base 12, what is -1351713 + 0?
-1351713
In base 9, what is 5878 + 85?
6074
In base 12, what is -1b2188 + 1?
-1b2187
In base 11, what is -16 + -2660?
-2676
In base 7, what is -113601 + -1?
-113602
In base 8, what is -235 + 377?
142
In base 5, what is 2331 + -211?
2120
In base 10, what is -100 + 3535?
3435
In base 9, what is 5213 - -32?
5245
In base 2, what is 10000010 - 10100010101?
-10010010011
In base 9, what is -16 + -244355?
-244372
In base 4, what is -213121230 + 10?
-213121220
In base 4, what is -10 + 21012130?
21012120
In base 7, what is -1160351 - -1?
-1160350
In base 5, what is -2110 + 303?
-1302
In base 16, what is -fc523 + 3?
-fc520
In base 9, what is -60 + 225?
155
In base 10, what is 6 + -16693?
-16687
In base 3, what is 0 - -22022212000?
22022212000
In base 7, what is 40 - -233136?
233206
In base 2, what is -10110010110011010 - 100?
-10110010110011110
In base 12, what is -212 + -37?
-249
In base 4, what is -1111 + -130210?
-131321
In base 7, what is -23 - 122645?
-123001
In base 15, what is -131 + 1e39?
1d08
In base 16, what is -1 - d8e0?
-d8e1
In base 6, what is -250 + 34531?
34241
In base 4, what is 12121032 - 1?
12121031
In base 13, what is 27c - 27?
255
In base 6, what is -1103143 + 5?
-1103134
In base 12, what is -62 - 1b9?
-25b
In base 14, what is -6 - -176b?
1765
In base 10, what is 0 - -115?
115
In base 14, what is 1738 + 6?
1740
In base 11, what is 3 + -936744?
-936741
In base 14, what is -4 - -7806?
7802
In base 12, what is b008 - -4?
b010
In base 9, what is -555201 - -3?
-555187
In base 5, what is 1302240 - -103?
1302343
In base 16, what is -e365e + 3?
-e365b
In base 14, what is -4 - -11c1?
11bb
In base 16, what is -2 + -53752?
-53754
In base 14, what is 50d8 + -3?
50d5
In base 7, what is 1125 + 255?
1413
In base 3, what is 1100 - 22101222?
-22100122
In base 4, what is 2333001 - -3233?
3002300
In base 10, what is 1953 - -131?
2084
In base 10, what is -16765 - 2?
-16767
In base 5, what is 4 + -11302?
-11243
In base 5, what is -201403 + 2?
-201401
In base 3, what is -100021101 - 22201?
-100121002
In base 4, what is 1030200133 - 11?
1030200122
In base 6, what is -3132 + 20051?
12515
In base 2, what is -10101010101 - -1010000110?
-1011001111
In base 16, what is -14e54 - -1?
-14e53
In base 6, what is 12224 - -2021?
14245
In base 12, what is -5 - 719279?
-719282
In base 8, what is 5 + 21?
26
In base 4, what is -121 - 200123?
-200310
In base 5, what is 1303114 + -21?
1303043
In base 14, what is 3 - 2bdad?
-2bdaa
In base 14, what is -27c + -115?
-393
In base 4, what is 0 - -2011012?
2011012
In base 15, what is d - 975?
-967
In base 11, what is -572830 - -3?
-572828
In base 5, what is -12 - 104341041?
-104341103
In base 11, what is 12597 - -4?
125a0
In base 5, what is -1010241 - -123?
-1010113
In base 12, what is 3b8052 - 2?
3b8050
In base 13, what is 71 - a17?
-976
In base 8, what is -60157 + -1?
-60160
In base 9, what is -14373 - 63?
-14446
In base 13, what is -9 + 5cc3?
5cb7
In base 8, what is -177735 + 2?
-177733
In base 12, what is -68631 + -2?
-68633
In base 11, what is -4623 + -60?
-4683
In base 11, what is -18a39 + -11?
-18a4a
In base 2, what is -111011 + -111010?
-1110101
In base 9, what is -44 + -20228?
-20273
In base 10, what is 7 + -10703?
-10696
In base 2, what is -110 + -110100110000100101?
-110100110000101011
In base 8, what is -5 + 517624?
517617
In base 7, what is -3353 + -102?
-3455
In base 10, what is 1 - -9691?
9692
In base 9, what is 310608 - -5?
310614
In base 6, what is -52400 + 50?
-52310
In base 14, what is 38bd + 1d?
38dc
In base 6, what is -1435340 - 15?
-1435355
In base 10, what is 5 + -7633?
-7628
In base 6, what is -11034130 - 5?
-11034135
In base 9, what is -17362 + -1?
-17363
In base 13, what is -118 + -665?
-780
In base 8, what is 2 - -561633?
561635
In base 2, what is -11100011001110100110 + -101?
-11100011001110101011
In base 9, what is -1 + 1722?
1721
In base 5, what is 1414 - -111441?
113410
In base 14, what is -a + 375?
369
In base 12, what is 2793 - 6b?
2724
In base 8, what is 33553 - 245?
33306
In base 3, what is 2 + 201210212?
201210221
In base 8, what is -133 - -44?
-67
In base 5, what is -313023 - -1?
-313022
In base 2, what is 10101 - 1000111110011111?
-1000111110001010
In base 7, what is 50 - 5460?
-5410
In base 7, what is 45 + 5662?
6040
In base 13, what is -19b4b5 - 6?
-19b4bb
In base 15, what is -5 + a295?
a290
In base 9, what is 1 - 2450678?
-2450677
In base 8, what is -62 - 5?
-67
In base 16, what is 51a3 + 3?
51a6
In base 7, what is 2 + 61213?
61215
In base 8, what is 1 + 60434?
60435
In base 13, what is 88 + 111?
199
In base 6, what is -2 + -53544?
-53550
In base 12, what is -170 - 102a?
-119a
In base 6, what is -5 + -1350132?
-1350141
In base 14, what is -3 + 7a96?
7a93
In base 8, what is 17 - -2352?
2371
In base 5, what is -2 + -11332112?
-11332114
In base 11, what is 25 - -2a7?
321
In base 14, what is 4 + 64163?
64167
In base 15, what is 1c37b6 - 4?
1c37b2
In base 9, what is 2 + 40842?
40844
In base 12, what is 36 + -38a94?
-38a5a
In base 8, what is -5 - 14277?
-14304
In base 16, what is 687 - -9?
690
In base 10, what is 1194 - -46?
1240
In base 4, what is 3 - -300030320?
300030323
In base 16, what is -4be + 3bb?
-103
In base 15, what is 2b + bb6?
be2
In base 5, what is -2010 - -423?
-1032
In base 8, what is -5 - 10054435?
-10054442
In base 5, what is -4112002 + 1?
-4112001
In base 2, what is 101 - 10111110100110010101?
-10111110100110010000
In base 14, what is -231d - 1aa?
-24c9
In base 3, what is 110212 + -1121?
102021
In base 6, what is -201 - 2211?
-2412
In base 4, what is -1013 - 103223?
-110302
In base 11, what is 0 - 2093?
-2093
In base 11, what is -aaa + -711?
-1710
In base 15, what is -10b8 + -93?
-115b
In base 10, what is -4 - -